
Let k(b) = 2*b**3 - 434*b**2 + 1707*b - 515. Determine k(213).
124
Let h(f) = 2*f**3 + 211*f**2 + 2076*f - 24. Calculate h(-11).
9
Let h(c) = -23*c**2 - 475*c - 268. Determine h(-20).
32
Let o(x) = 7057*x + 388142. Give o(-55).
7
Let m(j) = -j**3 - 1016*j**2 - 5051*j + 24. What is m(-5)?
4
Let g(c) = -18*c**2 - 7574*c - 547754. Calculate g(-328).
6
Let j(c) = 4*c**2 + 5690*c + 1931394. What is j(-863)?
0
Let k(t) = 14*t**2 - 297*t + 939. What is k(4)?
-25
Let p(z) = -1363*z**2 - 5448*z + 26. Determine p(-4).
10
Let z(h) = 27*h**2 - 1318*h - 290. What is z(49)?
-45
Let g(b) = 396831*b + 1984147. Calculate g(-5).
-8
Let f(z) = -970*z + 502689. Determine f(518).
229
Let l(v) = 2*v**3 + 9*v**2 - 1688*v - 6774. Determine l(-4).
-6
Let k(v) = -112*v**2 - 84*v + 190. Determine k(1).
-6
Let c(v) = -v**3 - 16*v**2 + 5*v + 434. Calculate c(-13).
-138
Let h(u) = u**3 - 11*u**2 + 353*u + 2451. Calculate h(-7).
-902
Let b(n) = 39*n**3 + 1921*n**2 - 1446*n + 165. What is b(-50)?
-35
Let h(s) = 2*s**3 - 218*s**2 - 438*s + 23977. What is h(110)?
-3
Let r(x) = 4178*x + 191563. Determine r(-46).
-625
Let n(t) = 3*t**3 - 138*t**2 + 979*t + 254. Determine n(9).
74
Let b(i) = 2*i**3 + 75*i**2 + 51*i + 1112. What is b(-37)?
594
Let a(x) = 255*x**2 + 3313*x + 22. Calculate a(-13).
48
Let y(o) = -150*o - 13070. What is y(-87)?
-20
Let u(k) = 55626*k + 111249. Calculate u(-2).
-3
Let v(j) = 536*j**2 - 3209*j - 24. Give v(6).
18
Let y(s) = -6212*s - 142337. Calculate y(-23).
539
Let q(h) = -8384*h + 1509126. Determine q(180).
6
Let s(l) = 500*l - 276502. Give s(553).
-2
Let z(a) = 138*a**2 - 1031*a - 1134. Give z(-1).
35
Let l(t) = -28*t**3 - 41*t**2 + 86*t + 45. Determine l(3).
-822
Let m(n) = n**3 - 178*n**2 - 353*n - 1089. Calculate m(180).
171
Let m(q) = 2*q**2 + 4226*q - 1436955. What is m(298)?
1
Let q(n) = -21*n**3 - 46*n**2 - 162*n - 55. Calculate q(-4).
1201
Let j(o) = 1001*o + 141589. Determine j(-141).
448
Let h(j) = -15267*j + 244283. Calculate h(16).
11
Let u(f) = 681*f - 4173. Determine u(6).
-87
Let i(q) = 2672*q + 115103. Determine i(-43).
207
Let x(v) = -3*v**2 + 876238*v - 1752473. Calculate x(2).
-9
Let m(s) = -283*s - 22926. What is m(-81)?
-3
Let j(t) = -3030*t - 24949. Calculate j(-8).
-709
Let q(a) = -2*a**2 + 189*a + 18448. What is q(-60)?
-92
Let k(p) = p**2 - 2306*p + 88594. Calculate k(39).
181
Let d(p) = -p**3 - 20*p**2 - 2401*p - 37386. Give d(-16).
6
Let q(m) = m**3 - 8*m**2 - 17*m - 40. Determine q(-8).
-928
Let p(t) = -63*t**2 + 7499*t - 150. Calculate p(119).
88
Let p(i) = 3*i**3 + 25*i**2 + 103*i - 23. What is p(-4)?
-227
Let j(p) = -p**3 - 3*p**2 + 137*p + 556. Give j(12).
40
Let h(o) = -27730*o - 27767. Give h(-1).
-37
Let d(t) = 417*t**2 + 963*t - 881. What is d(-3)?
-17
Let o(g) = -835*g**2 - 8336*g + 132. Calculate o(-10).
-8
Let h(c) = 462*c + 64570. What is h(-140)?
-110
Let t(i) = -i**3 - 24*i**2 - 49*i - 1042. Give t(-24).
134
Let o(a) = 6*a**3 + 162*a**2 - 91*a - 2461. What is o(-27)?
-4
Let t(w) = 16*w**2 + 894*w + 1591. Determine t(-54).
-29
Let w(h) = 9*h**3 - 171*h**2 + 68*h - 1219. Give w(19).
73
Let h(c) = -5161*c + 288996. Calculate h(56).
-20
Let d(f) = 1030*f**2 - 19560*f - 44. Give d(19).
146
Let n(j) = -84*j - 3460. Give n(-27).
-1192
Let c(q) = q**3 + 135*q**2 - 5463*q + 47834. Give c(-169).
7
Let v(t) = 288125*t - 2305001. Determine v(8).
-1
Let o(h) = 3*h**2 - 8704*h + 26104. Give o(3).
19
Let p(g) = -69375*g + 4439985. Calculate p(64).
-15
Let z(t) = 2*t**2 - 1614*t + 23839. Determine z(15).
79
Let v(f) = 5066*f + 30479. Give v(-6).
83
Let u(x) = 306910*x + 3376008. What is u(-11)?
-2
Let c(l) = -17*l**2 - 4*l + 34596. What is c(45)?
-9
Let u(i) = -2*i**2 + 358*i - 3421. Give u(169).
-41
Let h(q) = -2686*q - 8043. Calculate h(-3).
15
Let l(m) = 444*m - 3718. What is l(8)?
-166
Let u(s) = -5876*s**2 + 47007*s + 18. What is u(8)?
10
Let j(z) = 1315*z - 446730. Determine j(340).
370
Let k(n) = 22*n**2 + 1462*n + 654. Calculate k(-66).
-6
Let u(v) = -1173*v - 32200. Determine u(-27).
-529
Let u(h) = h**3 - 20*h**2 - 525*h + 10318. Determine u(19).
-18
Let a(w) = 2*w**2 + 44*w - 3254. What is a(-52)?
-134
Let v(k) = -7*k**2 + 1322*k + 1503. What is v(190)?
-17
Let s(z) = 195*z + 7533. Give s(-37).
318
Let v(l) = 3*l**3 - 696*l**2 + 24386*l - 941. Give v(189).
4
Let z(j) = -505*j + 66143. Determine z(131).
-12
Let g(m) = -6467*m - 349348. What is g(-54)?
-130
Let f(m) = -m**3 - 10*m**2 - 62045*m - 124069. Give f(-2).
-11
Let y(n) = 4*n**2 + 1356*n + 107348. Determine y(-213).
-4
Let v(k) = k**3 - 45*k**2 - 2613*k + 116047. Determine v(43).
-10
Let a(n) = 2*n**3 - 399*n**2 + 165*n + 1953. What is a(199)?
-4813
Let z(a) = a**3 + 6063*a**2 + 18219*a + 122. Determine z(-3).
5
Let s(a) = -a**3 - 205*a**2 - 9867*a - 22663. Determine s(-131).
0
Let h(s) = s**3 - 29*s**2 + 3*s - 471. Give h(28).
-1171
Let k(m) = -m**3 - 28*m**2 + 157*m - 44. What is k(-32)?
-972
Let g(h) = 2*h**3 + 99*h**2 + 27*h + 3669. Give g(-50).
-181
Let o(z) = -247*z**2 - 9*z - 21. What is o(1)?
-277
Let d(w) = w**3 + 461*w**2 - 2082*w + 115584. What is d(-466)?
16
Let t(o) = 2*o**2 - 11257*o + 3516878. Give t(332).
2
Let m(c) = -31492*c - 377750. Give m(-12).
154
Let x(w) = -2*w**3 - 21*w**2 - 755*w - 7467. Determine x(-10).
-17
Let c(s) = s**3 - 8*s**2 + 1555*s - 17466. Give c(11).
2
Let p(w) = w**3 - 338*w**2 - 1312*w + 272. Determine p(-4).
48
Let s(z) = -z**3 + 103*z**2 + 2155*z - 29863. Calculate s(119).
6
Let c(v) = -26853*v - 859303. What is c(-32)?
-7
Let a(u) = 20*u**2 - 1624*u + 7903. Determine a(76).
-1
Let j(i) = -8906*i + 18119. Calculate j(2).
307
Let w(g) = 130*g**3 + g**2 - 2190*g + 2191. Calculate w(1).
132
Let y(o) = -6*o**3 - 11*o**2 - 32*o + 310. What is y(7)?
-2511
Let m(j) = 189*j - 29001. Give m(154).
105
Let u(v) = 147*v**2 - 1611*v - 1612. Determine u(-1).
146
Let y(f) = 494*f**2 - 4816*f - 1301. Give y(10).
-61
Let f(u) = 41471*u - 207377. Calculate f(5).
-22
Let o(m) = 229*m - 34677. Determine o(151).
-98
Let d(h) = -10*h**2 + 807*h - 11347. What is d(14)?
-2009
Let m(r) = -r**3 + 478*r**2 + 4807*r - 1618083. What is m(481)?
1
Let c(x) = 153*x**2 - 38*x - 75. Calculate c(-2).
613
Let h(m) = 31*m**2 - 3361*m + 4705. Give h(107).
-3
Let m(g) = 1205*g - 44890. What is m(37)?
-305
Let n(k) = 680*k - 6723. Determine n(10).
77
Let n(q) = 1453*q + 162732. Give n(-112).
-4
Let m(u) = 33*u**2 - 1392*u + 253. Give m(42).
1
Let q(d) = 15454*d + 1437350. Calculate q(-93).
128
Let k(a) = -4*a**2 - 437*a + 87087. Determine k(-212).
-45
Let o(z) = -2*z**3 - 222*z**2 - 392*z - 18939. What is o(-110)?
-19
Let m(z) = -2564*z**2 - 35899*z - 54. Give m(-14).
-12
Let i(z) = -3*z**2 + 879*z - 8504. Determine i(283).
-14
Let x(v) = -2*v**2 + 57*v + 140. Give x(30).
50
Let x(n) = 33*n**2 - 1236*n + 356. Calculate x(34).
-3520
Let l(a) = -a**3 + 41*a**2 - 308*a + 392. Give l(34).
-1988
Let k(l) = -l**3 + 256*l**2 - 208*l + 119504. Determine k(257).
-1
Let n(o) = 25*o**2 + 517*o - 4270. Calculate n(-27).
-4
Let d(q) = -6*q**2 - 132*q - 51. What is d(-21)?
75
Let k(d) = -44*d**2 + 6039*d - 1568. Calculate k(137).
-61
Let o(a) = -5237*a - 5535. What is o(-1)?
-298
Let x(t) = 580807*t**2 + t + 28. Give x(0).
28
Let q(r) = 45*r**2 - 626*r - 2365. Calculate q(17).
-2
Let j(f) = -136*f**3 - 17*f**2 - 21*f + 15. Give j(-2).
1077
Let y(r) = -197*r**3 - 829*r**2 + 8*r + 9. What is y(-4)?
-679
Let r(l) = -6*l**3 + 227*l**2 + 146*l - 4107. Give r(38).
-3
Let k(w) = 2492*w + 221804. Give k(-89).
16
Let r(t) = 10*t**2 - 291*t + 2787. Calculate r(11).
796
Let k(g) = 133*g - 2769. Calculate k(7).
-1838
Let f(h) = -h**3 + 180*h**2 + 548*h + 173. Give f(183).
-10
Let v(i) = -4*i**3 + 57*i**2 - 23*i + 104. Calculate v(14).
-22
Let d(r) = -6707*r + 208084. Give d(31).
167
Let b(n) = -89*n**2 + 13625*n - 1219. What is b(153)?
5
Let j(b) = 1038*b**2 + 8087*b - 1730. Determine j(-8).
6
Let q(j) = 4191*j + 339475. Determine q(-81).
4
Let h(l) = l**2 - 38605*l + 4656553. Give h(121).
-11
Let s(v) = -3385*v + 642978. Calculate s(190).
-172
Let q(p) = 7915*p - 5041851. Give q(637).
4
Let c(h) = 39127*h + 117434. Give c(-3).
53
Let v(i) = i**2 + 1299*i - 29133. Calculate v(22).
-71
Let a(b) = 6827*b + 948959. Give a(-139).
6
Let x(l) = 112*l + 66. Calculate x(-14).
-1502